{"id":2,"date":"2013-08-31T00:54:28","date_gmt":"2013-08-31T00:54:28","guid":{"rendered":"http:\/\/www.andreaimaginario.com\/sitee\/?page_id=2"},"modified":"2022-10-13T19:15:40","modified_gmt":"2022-10-13T23:15:40","slug":"bio","status":"publish","type":"page","link":"http:\/\/www.andreaimaginario.com\/sitee\/bio\/","title":{"rendered":"Bio"},"content":{"rendered":"<p>[et_pb_section fb_built=\u00bb1&#8243; _builder_version=\u00bb3.0.105&#8243; background_image=\u00bbhttp:\/\/www.andreaimaginario.com\/sitee\/wp-content\/uploads\/2018\/06\/fondo_andrea_bio.png\u00bb custom_padding=\u00bb20px|0px|375px|0px\u00bb][et_pb_row custom_padding=\u00bb0px|0px|0px|0px\u00bb _builder_version=\u00bb3.0.105&#8243;][et_pb_column type=\u00bb4_4&#8243; _builder_version=\u00bb3.0.47&#8243; parallax=\u00bboff\u00bb parallax_method=\u00bbon\u00bb][et_pb_text _builder_version=\u00bb3.0.105&#8243;]<\/p>\n<p style=\"text-align: right;\"><span style=\"color: #333300; font-size: 14px;\">\u00a9 Fotograf\u00eda de Nicol\u00e1s Serrano<\/span><\/p>\n<p>[\/et_pb_text][\/et_pb_column][\/et_pb_row][\/et_pb_section][et_pb_section fb_built=\u00bb1&#8243; _builder_version=\u00bb3.0.105&#8243; custom_padding=\u00bb0px|33px|54px|24px\u00bb][et_pb_row custom_padding=\u00bb13px|0px|12px|0px\u00bb _builder_version=\u00bb3.0.105&#8243;][et_pb_column type=\u00bb4_4&#8243; _builder_version=\u00bb3.0.47&#8243; parallax=\u00bboff\u00bb parallax_method=\u00bbon\u00bb][et_pb_text _builder_version=\u00bb3.0.105&#8243; background_color=\u00bbrgba(255,255,255,0.39)\u00bb custom_margin=\u00bb0px|||\u00bb custom_padding=\u00bb30px|30px||30px\u00bb]<\/p>\n<p><strong>Andrea Imaginario<\/strong> es una cantante vers\u00e1til que interpreta fado y m\u00fasica iberoamericana con un estilo propio, marcado por la dulzura caracter\u00edstica de su timbre de voz. Canta en portugu\u00e9s y espa\u00f1ol, y su repertorio incluye m\u00fasica original de importantes compositores latinoamericanos sobre poemas de escritores como Pessoa y Cam\u00f5es, en una apuesta de la cantante por la interculturalidad, fruto de su experiencia en la di\u00e1spora. Sus conciertos est\u00e1n envueltos en historias que llegan al alma del p\u00fablico. Tiene cinco \u00e1lbumes producidos y actualmente trabaja en un proyecto discogr\u00e1fico de integraci\u00f3n musical entre Venezuela y Portugal.<\/p>\n<p>Andrea ha trabajado con m\u00fasicos de primera l\u00ednea como Miguel Chac\u00f3n, Aquiles B\u00e1ez, Miguel Delgado Est\u00e9vez, Cl\u00e1udia Picado, Jos\u00e9 Manuel Duarte, Miguel Silva, Henry Mart\u00ednez, Nen\u00e9 Quintero, Roberto Jir\u00f3n, Rub\u00e9n Rebolledo, Jorge Torres, Goyo Reyna, Pepesito Vald\u00e9s, Eduardo Gali\u00e1n, Julio Mendoza, Laurent L\u00e9cuyer, Heriberto Rojas, Daniel Luzardo, Juan Francisco Sans, Mariantonia Palacios, Gerardo Gerulewicz, Miguel Astor, Ensamble Musica Reservata (dir. Sandrah Silvio), Orquesta Sinf\u00f3nica de Venezuela y Orquesta Juvenil Sim\u00f3n Bol\u00edvar, entre otros.<\/p>\n<p style=\"text-align: justify;\"><span style=\"font-size: 14px;\">Se gradu\u00f3 como cantante en la Escuela de M\u00fasica \u00abLino Gallardo\u00bb. Es licenciada en Artes y mag\u00edster en Literatura Comparada por la Universidad Central de Venezuela. Es investigadora y profesora. Actualmente desarrolla una investigaci\u00f3n doctoral en la Universidad Aut\u00f3noma de Lisboa intitulada Historia y representaci\u00f3n de la cultura portuguesa en Venezuela.\u00a0<\/span><\/p>\n<h3 style=\"text-align: justify;\">Reconocimientos<\/h3>\n<p style=\"text-align: justify;\">2014. Medalla de honor por contribuir a la divulgaci\u00f3n de la cultura portuguesa, otorgada\u00a0por la Asociaci\u00f3n de Lusodescendientes de Venezuela (ASOLUDEVEN).<span style=\"color: #000000; font-size: 14px; text-align: left;\">\u00a0<\/span><\/p>\n<p style=\"text-align: justify;\">1999. Primer lugar del nivel b\u00e1sico del concurso Nacional de Canto E.M. Jos\u00e9 \u00c1ngel Lamas.<\/p>\n<h3>V\u00eddeos<\/h3>\n<p><a href=\"https:\/\/www.youtube.com\/watch?v=7Ldl9VxEr84\">Mudam-se os tempos<\/a>, fado original del venezolano Aquiles B\u00e1ez.<\/p>\n<p><a href=\"https:\/\/www.youtube.com\/watch?v=nb6YZi5fOZQ\">Perdig\u00e3o<\/a>, m\u00fasica de Alain Oullman, adaptado al ritmo de los llanos venezolanos.<\/p>\n<p><a href=\"https:\/\/www.youtube.com\/watch?v=7Eah_gFI058\">Caramba<\/a>, tema tradicional venezolano a d\u00fao con la fadista Cl\u00e1udia Picado.<\/p>\n<p>[\/et_pb_text][\/et_pb_column][\/et_pb_row][et_pb_row custom_padding=\u00bb11px|174px|19px|186px\u00bb _builder_version=\u00bb3.0.105&#8243; background_size=\u00bbinitial\u00bb background_position=\u00bbtop_left\u00bb background_repeat=\u00bbrepeat\u00bb][et_pb_column type=\u00bb1_2&#8243; _builder_version=\u00bb3.0.47&#8243; parallax=\u00bboff\u00bb parallax_method=\u00bbon\u00bb][et_pb_image src=\u00bbhttp:\/\/www.andreaimaginario.com\/sitee\/wp-content\/uploads\/2018\/05\/logo.png\u00bb align=\u00bbcenter\u00bb _builder_version=\u00bb3.0.105&#8243; custom_padding=\u00bb40px|||\u00bb][\/et_pb_image][et_pb_text _builder_version=\u00bb3.0.105&#8243;][\/et_pb_text][\/et_pb_column][et_pb_column type=\u00bb1_2&#8243; _builder_version=\u00bb3.0.47&#8243; parallax=\u00bboff\u00bb parallax_method=\u00bbon\u00bb][et_pb_image src=\u00bbhttp:\/\/www.andreaimaginario.com\/sitee\/wp-content\/uploads\/2018\/08\/Logo-IPC-1.jpg\u00bb align=\u00bbcenter\u00bb admin_label=\u00bbIPC\u00bb _builder_version=\u00bb3.0.105&#8243; custom_margin=\u00bb|||\u00bb custom_margin_last_edited=\u00bbon|desktop\u00bb custom_padding=\u00bb20px|||\u00bb][\/et_pb_image][et_pb_text _builder_version=\u00bb3.0.105&#8243;][\/et_pb_text][\/et_pb_column][\/et_pb_row][\/et_pb_section]<\/p>\n","protected":false},"excerpt":{"rendered":"<p>[et_pb_section fb_built=\u00bb1&#8243; _builder_version=\u00bb3.0.105&#8243; background_image=\u00bbhttp:\/\/www.andreaimaginario.com\/sitee\/wp-content\/uploads\/2018\/06\/fondo_andrea_bio.png\u00bb custom_padding=\u00bb20px|0px|375px|0px\u00bb][et_pb_row custom_padding=\u00bb0px|0px|0px|0px\u00bb _builder_version=\u00bb3.0.105&#8243;][et_pb_column type=\u00bb4_4&#8243; _builder_version=\u00bb3.0.47&#8243; parallax=\u00bboff\u00bb parallax_method=\u00bbon\u00bb][et_pb_text _builder_version=\u00bb3.0.105&#8243;] \u00a9 Fotograf\u00eda de Nicol\u00e1s Serrano [\/et_pb_text][\/et_pb_column][\/et_pb_row][\/et_pb_section][et_pb_section fb_built=\u00bb1&#8243; _builder_version=\u00bb3.0.105&#8243; custom_padding=\u00bb0px|33px|54px|24px\u00bb][et_pb_row custom_padding=\u00bb13px|0px|12px|0px\u00bb _builder_version=\u00bb3.0.105&#8243;][et_pb_column type=\u00bb4_4&#8243; _builder_version=\u00bb3.0.47&#8243; parallax=\u00bboff\u00bb parallax_method=\u00bbon\u00bb][et_pb_text _builder_version=\u00bb3.0.105&#8243; background_color=\u00bbrgba(255,255,255,0.39)\u00bb custom_margin=\u00bb0px|||\u00bb custom_padding=\u00bb30px|30px||30px\u00bb] Andrea Imaginario es una cantante vers\u00e1til que interpreta fado y m\u00fasica iberoamericana con un estilo propio, marcado por la dulzura caracter\u00edstica de su timbre [&hellip;]<\/p>\n","protected":false},"author":1,"featured_media":0,"parent":0,"menu_order":0,"comment_status":"open","ping_status":"open","template":"","meta":[],"_links":{"self":[{"href":"http:\/\/www.andreaimaginario.com\/sitee\/wp-json\/wp\/v2\/pages\/2"}],"collection":[{"href":"http:\/\/www.andreaimaginario.com\/sitee\/wp-json\/wp\/v2\/pages"}],"about":[{"href":"http:\/\/www.andreaimaginario.com\/sitee\/wp-json\/wp\/v2\/types\/page"}],"author":[{"embeddable":true,"href":"http:\/\/www.andreaimaginario.com\/sitee\/wp-json\/wp\/v2\/users\/1"}],"replies":[{"embeddable":true,"href":"http:\/\/www.andreaimaginario.com\/sitee\/wp-json\/wp\/v2\/comments?post=2"}],"version-history":[{"count":101,"href":"http:\/\/www.andreaimaginario.com\/sitee\/wp-json\/wp\/v2\/pages\/2\/revisions"}],"predecessor-version":[{"id":2061,"href":"http:\/\/www.andreaimaginario.com\/sitee\/wp-json\/wp\/v2\/pages\/2\/revisions\/2061"}],"wp:attachment":[{"href":"http:\/\/www.andreaimaginario.com\/sitee\/wp-json\/wp\/v2\/media?parent=2"}],"curies":[{"name":"wp","href":"https:\/\/api.w.org\/{rel}","templated":true}]}}

<p>[et_pb_section fb_built=»1&#8243; _builder_version=»3.0.105&#8243; background_image=»http://www.andreaimaginario.com/sitee/wp-content/uploads/2018/06/fondo_andrea_bio.png» custom_padding=»20px|0px|375px|0px»][et_pb_row custom_padding=»0px|0px|0px|0px» _builder_version=»3.0.105&#8243;][et_pb_column type=»4_4&#8243; _builder_version=»3.0.47&#8243; parallax=»off» parallax_method=»on»][et_pb_text _builder_version=»3.0.105&#8243;]</p>
<p style="text-align: right;"><span style="color: #333300; font-size: 14px;">© Fotografía de Nicolás Serrano</span></p>
<p>[/et_pb_text][/et_pb_column][/et_pb_row][/et_pb_section][et_pb_section fb_built=»1&#8243; _builder_version=»3.0.105&#8243; custom_padding=»0px|33px|54px|24px»][et_pb_row custom_padding=»13px|0px|12px|0px» _builder_version=»3.0.105&#8243;][et_pb_column type=»4_4&#8243; _builder_version=»3.0.47&#8243; parallax=»off» parallax_method=»on»][et_pb_text _builder_version=»3.0.105&#8243; background_color=»rgba(255,255,255,0.39)» custom_margin=»0px|||» custom_padding=»30px|30px||30px»]</p>
<p><strong>Andrea Imaginario</strong> es una cantante versátil que interpreta fado y música iberoamericana con un estilo propio, marcado por la dulzura característica de su timbre de voz. Canta en portugués y español, y su repertorio incluye música original de importantes compositores latinoamericanos sobre poemas de escritores como Pessoa y Camões, en una apuesta de la cantante por la interculturalidad, fruto de su experiencia en la diáspora. Sus conciertos están envueltos en historias que llegan al alma del público. Tiene cinco álbumes producidos y actualmente trabaja en un proyecto discográfico de integración musical entre Venezuela y Portugal.</p>
<p>Andrea ha trabajado con músicos de primera línea como Miguel Chacón, Aquiles Báez, Miguel Delgado Estévez, Cláudia Picado, José Manuel Duarte, Miguel Silva, Henry Martínez, Nené Quintero, Roberto Jirón, Rubén Rebolledo, Jorge Torres, Goyo Reyna, Pepesito Valdés, Eduardo Galián, Julio Mendoza, Laurent Lécuyer, Heriberto Rojas, Daniel Luzardo, Juan Francisco Sans, Mariantonia Palacios, Gerardo Gerulewicz, Miguel Astor, Ensamble Musica Reservata (dir. Sandrah Silvio), Orquesta Sinfónica de Venezuela y Orquesta Juvenil Simón Bolívar, entre otros.</p>
<p style="text-align: justify;"><span style="font-size: 14px;">Se graduó como cantante en la Escuela de Música «Lino Gallardo». Es licenciada en Artes y magíster en Literatura Comparada por la Universidad Central de Venezuela. Es investigadora y profesora. Actualmente desarrolla una investigación doctoral en la Universidad Autónoma de Lisboa intitulada Historia y representación de la cultura portuguesa en Venezuela. </span></p>
<h3 style="text-align: justify;">Reconocimientos</h3>
<p style="text-align: justify;">2014. Medalla de honor por contribuir a la divulgación de la cultura portuguesa, otorgada por la Asociación de Lusodescendientes de Venezuela (ASOLUDEVEN).<span style="color: #000000; font-size: 14px; text-align: left;"> </span></p>
<p style="text-align: justify;">1999. Primer lugar del nivel básico del concurso Nacional de Canto E.M. José Ángel Lamas.</p>
<h3>Vídeos</h3>
<p><a href="https://www.youtube.com/watch?v=7Ldl9VxEr84">Mudam-se os tempos</a>, fado original del venezolano Aquiles Báez.</p>
<p><a href="https://www.youtube.com/watch?v=nb6YZi5fOZQ">Perdigão</a>, música de Alain Oullman, adaptado al ritmo de los llanos venezolanos.</p>
<p><a href="https://www.youtube.com/watch?v=7Eah_gFI058">Caramba</a>, tema tradicional venezolano a dúo con la fadista Cláudia Picado.</p>
<p>[/et_pb_text][/et_pb_column][/et_pb_row][et_pb_row custom_padding=»11px|174px|19px|186px» _builder_version=»3.0.105&#8243; background_size=»initial» background_position=»top_left» background_repeat=»repeat»][et_pb_column type=»1_2&#8243; _builder_version=»3.0.47&#8243; parallax=»off» parallax_method=»on»][et_pb_image src=»http://www.andreaimaginario.com/sitee/wp-content/uploads/2018/05/logo.png» align=»center» _builder_version=»3.0.105&#8243; custom_padding=»40px|||»][/et_pb_image][et_pb_text _builder_version=»3.0.105&#8243;][/et_pb_text][/et_pb_column][et_pb_column type=»1_2&#8243; _builder_version=»3.0.47&#8243; parallax=»off» parallax_method=»on»][et_pb_image src=»http://www.andreaimaginario.com/sitee/wp-content/uploads/2018/08/Logo-IPC-1.jpg» align=»center» admin_label=»IPC» _builder_version=»3.0.105&#8243; custom_margin=»|||» custom_margin_last_edited=»on|desktop» custom_padding=»20px|||»][/et_pb_image][et_pb_text _builder_version=»3.0.105&#8243;][/et_pb_text][/et_pb_column][/et_pb_row][/et_pb_section]</p>

<p>[et_pb_section fb_built=»1&#8243; _builder_version=»3.0.105&#8243; background_image=»http://www.andreaimaginario.com/sitee/wp-content/uploads/2018/06/fondo_andrea_bio.png» custom_padding=»20px|0px|375px|0px»][et_pb_row custom_padding=»0px|0px|0px|0px» _builder_version=»3.0.105&#8243;][et_pb_column type=»4_4&#8243; _builder_version=»3.0.47&#8243; parallax=»off» parallax_method=»on»][et_pb_text _builder_version=»3.0.105&#8243;] © Fotografía de Nicolás Serrano [/et_pb_text][/et_pb_column][/et_pb_row][/et_pb_section][et_pb_section fb_built=»1&#8243; _builder_version=»3.0.105&#8243; custom_padding=»0px|33px|54px|24px»][et_pb_row custom_padding=»13px|0px|12px|0px» _builder_version=»3.0.105&#8243;][et_pb_column type=»4_4&#8243; _builder_version=»3.0.47&#8243; parallax=»off» parallax_method=»on»][et_pb_text _builder_version=»3.0.105&#8243; background_color=»rgba(255,255,255,0.39)» custom_margin=»0px|||» custom_padding=»30px|30px||30px»] Andrea Imaginario es una cantante versátil que interpreta fado y música iberoamericana con un estilo propio, marcado por la dulzura característica de su timbre [&hellip;]</p>
