{"id":20,"date":"2013-09-03T01:34:07","date_gmt":"2013-09-03T01:34:07","guid":{"rendered":"http:\/\/www.andreaimaginario.com\/sitee\/?page_id=20"},"modified":"2019-02-05T06:51:17","modified_gmt":"2019-02-05T10:51:17","slug":"blog","status":"publish","type":"page","link":"http:\/\/www.andreaimaginario.com\/sitee\/blog\/","title":{"rendered":"Blog"},"content":{"rendered":"<p>[et_pb_section fb_built=\u00bb1&#8243; _builder_version=\u00bb3.0.105&#8243; background_image=\u00bbhttp:\/\/www.andreaimaginario.com\/sitee\/wp-content\/uploads\/2018\/06\/fondo_andrea_blog.png\u00bb background_position=\u00bbtop_center\u00bb custom_padding=\u00bb1px|0px|395px|0px\u00bb filter_sepia=\u00bb22%\u00bb][et_pb_row custom_padding=\u00bb27px|0px|0px|132px\u00bb _builder_version=\u00bb3.0.105&#8243; background_size=\u00bbinitial\u00bb background_position=\u00bbtop_left\u00bb background_repeat=\u00bbrepeat\u00bb][et_pb_column type=\u00bb4_4&#8243; _builder_version=\u00bb3.0.47&#8243; parallax=\u00bboff\u00bb parallax_method=\u00bbon\u00bb][et_pb_text _builder_version=\u00bb3.0.105&#8243;]<\/p>\n<p style=\"text-align: right;\">\u00a9 Fotograf\u00eda de Roberto Loscher<\/p>\n<p>[\/et_pb_text][\/et_pb_column][\/et_pb_row][\/et_pb_section][et_pb_section fb_built=\u00bb1&#8243; background_color=\u00bb#ffffff\u00bb _builder_version=\u00bb3.0.105&#8243; background_size=\u00bbinitial\u00bb background_position=\u00bbtop_left\u00bb background_repeat=\u00bbrepeat\u00bb custom_padding=\u00bb65px|0px|54px|0px\u00bb][et_pb_row custom_padding=\u00bb0px|0px|27px|0px\u00bb _builder_version=\u00bb3.0.105&#8243; background_size=\u00bbinitial\u00bb background_position=\u00bbtop_left\u00bb background_repeat=\u00bbrepeat\u00bb][et_pb_column type=\u00bb4_4&#8243; _builder_version=\u00bb3.0.47&#8243; parallax=\u00bboff\u00bb parallax_method=\u00bbon\u00bb][et_pb_blog fullwidth=\u00bboff\u00bb posts_number=\u00bb10&#8243; show_more=\u00bbon\u00bb show_author=\u00bboff\u00bb show_categories=\u00bboff\u00bb show_comments=\u00bbon\u00bb offset_number=\u00bb0&#8243; _builder_version=\u00bb3.0.105&#8243; header_font=\u00bb|600|||||||\u00bb header_text_shadow_style=\u00bbpreset1&#8243; pagination_font_size_tablet=\u00bb51&#8243; pagination_line_height_tablet=\u00bb2&#8243; border_radii=\u00bbon|20px|20px|20px|20px\u00bb border_width_all=\u00bb3px\u00bb border_color_all=\u00bb#bfaea6&#8243; include_categories=\u00bb4,5,9,1&#8243;][\/et_pb_blog][\/et_pb_column][\/et_pb_row][\/et_pb_section]<\/p>\n","protected":false},"excerpt":{"rendered":"<p>Conozca a Andrea Imaginario a trav\u00e9s de su escritura: arte, m\u00fasica, fe y opini\u00f3n son algunos de los temas que podr\u00e1 conseguir en esta secci\u00f3n. <\/p>\n","protected":false},"author":1,"featured_media":736,"parent":0,"menu_order":0,"comment_status":"open","ping_status":"open","template":"","meta":[],"_links":{"self":[{"href":"http:\/\/www.andreaimaginario.com\/sitee\/wp-json\/wp\/v2\/pages\/20"}],"collection":[{"href":"http:\/\/www.andreaimaginario.com\/sitee\/wp-json\/wp\/v2\/pages"}],"about":[{"href":"http:\/\/www.andreaimaginario.com\/sitee\/wp-json\/wp\/v2\/types\/page"}],"author":[{"embeddable":true,"href":"http:\/\/www.andreaimaginario.com\/sitee\/wp-json\/wp\/v2\/users\/1"}],"replies":[{"embeddable":true,"href":"http:\/\/www.andreaimaginario.com\/sitee\/wp-json\/wp\/v2\/comments?post=20"}],"version-history":[{"count":43,"href":"http:\/\/www.andreaimaginario.com\/sitee\/wp-json\/wp\/v2\/pages\/20\/revisions"}],"predecessor-version":[{"id":1839,"href":"http:\/\/www.andreaimaginario.com\/sitee\/wp-json\/wp\/v2\/pages\/20\/revisions\/1839"}],"wp:featuredmedia":[{"embeddable":true,"href":"http:\/\/www.andreaimaginario.com\/sitee\/wp-json\/wp\/v2\/media\/736"}],"wp:attachment":[{"href":"http:\/\/www.andreaimaginario.com\/sitee\/wp-json\/wp\/v2\/media?parent=20"}],"curies":[{"name":"wp","href":"https:\/\/api.w.org\/{rel}","templated":true}]}}

<p>[et_pb_section fb_built=»1&#8243; _builder_version=»3.0.105&#8243; background_image=»http://www.andreaimaginario.com/sitee/wp-content/uploads/2018/06/fondo_andrea_blog.png» background_position=»top_center» custom_padding=»1px|0px|395px|0px» filter_sepia=»22%»][et_pb_row custom_padding=»27px|0px|0px|132px» _builder_version=»3.0.105&#8243; background_size=»initial» background_position=»top_left» background_repeat=»repeat»][et_pb_column type=»4_4&#8243; _builder_version=»3.0.47&#8243; parallax=»off» parallax_method=»on»][et_pb_text _builder_version=»3.0.105&#8243;]</p>
<p style="text-align: right;">© Fotografía de Roberto Loscher</p>
<p>[/et_pb_text][/et_pb_column][/et_pb_row][/et_pb_section][et_pb_section fb_built=»1&#8243; background_color=»#ffffff» _builder_version=»3.0.105&#8243; background_size=»initial» background_position=»top_left» background_repeat=»repeat» custom_padding=»65px|0px|54px|0px»][et_pb_row custom_padding=»0px|0px|27px|0px» _builder_version=»3.0.105&#8243; background_size=»initial» background_position=»top_left» background_repeat=»repeat»][et_pb_column type=»4_4&#8243; _builder_version=»3.0.47&#8243; parallax=»off» parallax_method=»on»][et_pb_blog fullwidth=»off» posts_number=»10&#8243; show_more=»on» show_author=»off» show_categories=»off» show_comments=»on» offset_number=»0&#8243; _builder_version=»3.0.105&#8243; header_font=»|600|||||||» header_text_shadow_style=»preset1&#8243; pagination_font_size_tablet=»51&#8243; pagination_line_height_tablet=»2&#8243; border_radii=»on|20px|20px|20px|20px» border_width_all=»3px» border_color_all=»#bfaea6&#8243; include_categories=»4,5,9,1&#8243;][/et_pb_blog][/et_pb_column][/et_pb_row][/et_pb_section]</p>

<p>Conozca a Andrea Imaginario a través de su escritura: arte, música, fe y opinión son algunos de los temas que podrá conseguir en esta sección. </p>
